t m(h) = -h**2 + 2. Suppose d = -2*d - 5*a - 11, 0 = -4*d + 4*a + 28. Suppose 5*l - 3*r = 37, 4*r = -d*l + 3*r + 11. Calculate m(l).
-23
Let u = -342 + 342. Let i(a) = -a + 1. Calculate i(u).
1
Let u(b) = 3*b. Let g(r) = -r**2 - r + 13. Let w be g(-4). Let o be 0 + 3 + w + -7. What is u(o)?
-9
Let t(h) = -9*h**3 - 2*h - 1. Suppose 0 = -2*m - 5*l - 9, -3*m - 3 = 5*l + 3. Suppose -m = -x - 4. Give t(x).
10
Let o be (-3)/(-5 + (0 - -6)). Let s(w) = -w**2. Calculate s(o).
-9
Let d(z) = -7*z + 3 + 0 - 5*z + 14*z. Let a(r) = r**2 - 10*r - 14. Let k be a(12). Let l be 12/k*(-30)/9. Calculate d(l).
-5
Suppose 25*m = 9*m + 144. Let j(t) = -2*t**2 + 21*t - 21. Calculate j(m).
6
Let x(j) = j + 7. Let p(s) = s + 9. Let k(w) = -4*p(w) + 5*x(w). Calculate k(3).
2
Let q(i) = 2*i + 2. Let c = -13 + -13. Let v = c - -10. Let b = -22 - v. Determine q(b).
-10
Let v(z) be the third derivative of -1/120*z**6 + 7/6*z**3 + 0 + 1/12*z**5 + 1/6*z**4 + 0*z + 2*z**2. Suppose x = -15*l + 11*l + 14, -4 = -2*l. What is v(x)?
-5
Let u(q) = -4*q**2 - 17*q + 2. Let d be 2 + (-8 - 0/1 - -2). What is u(d)?
6
Let k(y) = -y**2 + 14*y - 13. Suppose 4*s - 3*p - 41 = 0, s - 12 = 5*p - 6*p. What is k(s)?
20
Let y(m) = m**3 - 14*m**2 + 14*m - 10. Let x be y(13). Let d(c) = -c**x + 5 + 2 - 7*c**2 - 7*c - c + c. Give d(-6).
13
Let d(i) be the first derivative of i**4/4 + 2*i**3 + i**2 + 5*i + 2. Let r = 280 + -286. What is d(r)?
-7
Suppose -6 = -3*r, h + 2 = -5*r + 6. Let w(j) be the second derivative of j**5/20 + 7*j**4/12 + 2*j**3/3 - 3*j**2 + 18*j. Calculate w(h).
6
Let z(p) = 2*p - 18. Let q be z(10). Suppose 2*k + t + 6 = 0, 2*t - 10 + 4 = q*k. Let u(f) = 2 + 2 + 2*f - 5. Determine u(k).
-7
Let d = -70 + 75. Let c(p) = -2 + d*p - p**3 + 2*p**3 + 2*p - 2*p**2 - 10*p. Calculate c(3).
-2
Let x be ((-24)/28)/(4/28). Let m(z) = z**2 + 8*z + 9. Calculate m(x).
-3
Let d = 190 - 189. Let a(v) = 11*v + 1. Determine a(d).
12
Let u(r) = -8 - r**2 + 9*r + 2*r**2 - 33*r + 14*r. Give u(10).
-8
Let y(j) = -4*j - 4. Let w(m) = 2*m - 46. Let k be w(22). Let b be (3 - 115/15) + k/(-3). What is y(b)?
12
Let g(s) = 2*s**3 - 26*s**2 - 3*s. Let w(v) = v**3 - 12*v**2 - 2*v - 1. Let q(z) = 3*g(z) - 7*w(z). Give q(6).
37
Let x(w) = w + 3. Let j(h) = 2*h + 5. Let c(v) = 2*j(v) - 5*x(v). Let k(l) = -5*l**2 - 5*l**2 + 17*l**2 - l - 8*l**2 - 1 + 4*l**3. Let t be k(-1). Give c(t).
0
Let o(v) = 11 - 5 + 14*v - 41 + 13 + 12. Calculate o(6).
74
Let g(w) = -2*w + 4. Let m = 23 - 16. Let f = m - 3. Suppose -3*x - 5 = -f*i, 2*x + 0 = i - 5. Calculate g(x).
10
Suppose 82 - 6 = -27*c - 86. Let b(m) = 10*m**3 + 18*m**2 + 3*m - 22. Let a(w) = -7*w**3 - 12*w**2 - 2*w + 15. Let o(l) = 7*a(l) + 5*b(l). Calculate o(c).
-11
Let m(p) be the first derivative of p**3/3 - 3*p**2 + 7*p + 1. Let q be ((-3)/4)/(57/(-380)). Let h be m(q). Let t(w) = 5*w - 2. Determine t(h).
8
Let w(s) = -s**2 - 4*s + 2. Let h(b) = -2*b**2 - 4*b + 8. Let k(z) = h(z) - w(z). Calculate k(3).
-3
Let c(o) = o**3 - 7*o**2 - o + 10. Let h(l) = 3*l**2 + 74*l + 55. Let t be h(-24). Calculate c(t).
3
Let g(c) = -c**3 + 9*c**2 + 12*c - 12. Suppose -3*a + 7*a + 5*v = 55, -4*a + 3*v + 31 = 0. Give g(a).
8
Let v(m) be the second derivative of -m**4/12 + m**3/2 - m**2/2 - 2*m. Suppose -10 + 2 = -4*f. Calculate v(f).
1
Let t(i) = i - 1. Let w be 4/(-14) + 64/28. Suppose q + w*b = -4, 0 = -3*q - 4*b - 5 + 1. Determine t(q).
3
Let a(g) = 4*g - 4. Let h = 22 + -23. Let w be (6/(-15))/(h/15). Let x be (-1)/((-8)/w + 1). Give a(x).
8
Let i(j) = j**2 + 2*j - 3. Let y = 788 + -786. What is i(y)?
5
Let a be (-30)/(-4)*(-8)/12. Suppose 7 = -4*m - 1. Let p = m - a. Let x(c) = c**2 - 2*c - 4. Give x(p).
-1
Let c(t) = t**3 - 6*t**2 - t - 8. Let y(i) = -5*i + 3. Let n be y(3). Let u be (-2)/(4/n + 0). Calculate c(u).
-14
Let n(f) = 2*f + 4. Let i(l) = 6*l + 12. Let s(c) = -5*i(c) + 16*n(c). Let q be (-5 + (3 + 29)/4)/1. Determine s(q).
10
Let h(m) = m**2 - m. Suppose 4*i = 8*i. Let l be (0 - (3 - -1)) + i - -2. Give h(l).
6
Let l(n) = -36*n**2 - 36*n - 36. Let d(j) = -8*j + 6 + 13*j + 5*j**2 + 0*j - 1. Let f(r) = -15*d(r) - 2*l(r). Let t be (-4)/3*3/2. What is f(t)?
-9
Let g(j) = -j**3 + 4*j**2 + 5*j + 3. Let u be g(5). Suppose -u + 2 = -b. Let x(c) = c - 1 + 4*c**2 - 3*c**2 - 3*c**2 + 7*c**2. What is x(b)?
5
Let z(c) = 3*c + 27. Suppose 0 = 5*b - 2*v + 42, b + 5 = -2*v - v. Let u be z(b). Let l(t) = t**3 - 2*t**2 - 4. Determine l(u).
5
Let z be -5 - 4*(-2 - -1). Let l(c) = 11*c**3 - 2*c**2 + 2. Let q be l(z). Let w(f) = f**2 + 10*f - 7. Calculate w(q).
4
Let y(i) = -40 - 43 + 80 - 6*i. Calculate y(3).
-21
Let h(z) = -2 + 4*z + 6 - 2*z. Let s = -9 + -47. Let w = s - -51. Calculate h(w).
-6
Let z(i) be the second derivative of -i**3/2 + 7*i**2 + 418*i. What is z(6)?
-4
Let k(u) = -u - 3. Let l(p) = -p**2 - 5*p - 2. Let h be l(-4). Suppose x + o = -3, 0 = 3*x + 5*o - 3*o + 12. Let d = h + x. Calculate k(d).
1
Let c(h) = 3*h**2 + 2*h - 3. Let k(j) = j**2 + 6*j - 116. Let o be k(-14). Give c(o).
37
Let c(g) = -3*g. Suppose -n - 6*n - 21 = 0. Let p(f) = -f - 5. Let k be p(n). What is c(k)?
6
Let h = 49 - 54. Let g(i) = -i + 5. Let t be g(-6). Let b = t + h. Let j(y) = y**3 - 5*y**2 - 8*y + 7. Calculate j(b).
-5
Let r(l) = l. Let g(i) = 6*i + 2*i + 22*i**2 + 24*i**2 - 47*i**2. Let t be g(8). What is r(t)?
0
Let w(g) be the first derivative of -13 - 1/2*g**2 + 3*g. Give w(0).
3
Let o(y) = y**2 - 8*y + 3. Let a(q) = -q**3 + 10*q**2 - q + 11. Let w be a(10). Let u = w + 6. What is o(u)?
-4
Let u(j) = -2*j**3 + 10*j**2 + 12*j. Let q(w) = -3*w**3 + 10*w**2 + 12*w - 2. Let n(z) = -4*q(z) + 5*u(z). Give n(-4).
-8
Let l(k) be the second derivative of -5*k**3/6 - k**2/2 - 456*k. Give l(-6).
29
Let q(v) be the first derivative of 4 - 8*v + 1/2*v**2. Determine q(0).
-8
Let d(n) be the third derivative of 0 + 1/12*n**4 - 2*n + 1/6*n**3 - 34*n**2 + 1/15*n**5. Determine d(-1).
3
Let r(d) = -1. Let p(h) = 9*h + 6. Let j(k) = p(k) + 15*r(k). Calculate j(8).
63
Let q(b) = b**3 + 10*b**2 - b - 14. Let f(m) = -2*m**2 - 67*m - 106. Let a be f(-32). Calculate q(a).
-4
Let c(t) = -t. Let b(l) = -10*l - 2. Suppose -14*v - 69 = 1. Let w(g) = v*c(g) + b(g). What is w(-3)?
13
Let w(z) = 14*z**3 + 45*z**3 - 27*z**3. Give w(-1).
-32
Let h(k) = -k + 14. Let u = 530 - 510. Determine h(u).
-6
Let z(x) = -7*x**3 + 40*x**2 + 3*x + 41. Let c(s) = -4*s**3 + 21*s**2 + 2*s + 21. Let j(q) = -5*c(q) + 3*z(q). What is j(15)?
3
Let c(u) = 5*u - 78. Let r be c(16). Let o(l) = -l**3 + 4*l**2 - 5*l + 4. Determine o(r).
2
Let j(t) be the first derivative of -16 + 7/2*t**2 - 1/3*t**3 - t. Determine j(7).
-1
Let k(j) = -j**3 + 8*j**2 - 8*j - 1. Suppose -257*b + 251*b = -36. What is k(b)?
23
Let y(a) = 2 + a**2 + 6*a + 2 - 3. Let v = 6 + -1. Let b = 1 - v. Calculate y(b).
-7
Let g(j) = 1276 + j + 2*j**2 - 642 - 635. What is g(1)?
2
Let t(v) = 21*v. Let s(b) = 144*b - 719. Let r be s(5). What is t(r)?
21
Let x(d) = 3*d**2 + 0*d**2 + 5 - d**2 - 1 - 29*d**3 - 5. What is x(1)?
-28
Let h(u) = u**2 + 3*u - 4. Let z be h(-4). Let n = 15 + -13. Let s(t) = 2 + 11 + t**3 - 5*t**2 + 6*t**n. What is s(z)?
13
Let i(h) = -2*h + h**2 + 13*h - 1 - 12*h - 3*h. Calculate i(4).
-1
Let u(b) = b**3 + 2*b**2 - 2*b - 3. Suppose v + 26 = 2*i, i + i + 70 = -3*v. Let g = v - -22. Give u(g).
1
Suppose 34 + 38 = 4*q. Suppose 7 = 2*w + y, 5*w - y = -4*y + q. Let b(g) = 2*g**2 + g**2 + g**3 - 2*g**3. What is b(w)?
0
Let g(m) = 2*m**3 + 4*m**2 + m - 2. Suppose 0 = 4*l + l + d - 15, 2*d + 9 = 3*l. Suppose l*u + 16 = -5*u. What is g(u)?
-4
Let d(g) be the third derivative of g**4/24 + g**3/3 + 2*g**2 + 49*g. Calculate d(-1).
1
Let n(c) be the first derivative of -c**4/4 + 3*c**3 + 13*c + 96. Calculate n(9).
13
Let h(n) = -15*n**3 + n**2 - 12*n + 13. Let l(v) = -13*v**3 - 9*v + 12. Let c(b) = -6*h(b) + 7*l(b). Calculate c(-7).
-8
Suppose 7 = 2*l + 10*a - 9*a, -3*l - 2*a = -10. Let o(j) = -j**2 + 8*j - 11. Determine o(l).
5
Let w(k) = k**3 + k**2 - 3*k + 2. Let q(p) = -p**3 + 5*p**2. Let c be q(5). Suppose c = -x + 3*a, 5*x + 2*a + 9 = -8. Calculate w(x).
-7
Let w(a) = -3*a + a - 11*a + 13*a + 6*a - 19. What is w(8)?
29
Let k(t) = -t**2 - 1. Let b(y) = 3*y**2 + y + 4. Let s(i) = b(i) + 4*k(i). Let h = -64 + 63. Give s(h).
-2
Let r(l) = -l**3 + 6*l**2 - l + 3. S